 be (-1 - -49) + 2*-1. Calculate the remainder when (s/r)/(3/9) is divided by 12.
11
Let x(w) = w - 3. Let n be x(6). Let y(t) = -3*t + 0 - 2 + 3*t**2 + 1 + 2. Calculate the remainder when 54 is divided by y(n).
16
Suppose a + 15 = 47. Suppose q - 10 = -q. Suppose 65 - 10 = q*d. Calculate the remainder when a is divided by d.
10
Let k = -6 + 18. Calculate the remainder when 69 is divided by k.
9
Let h = 8 - 12. Let d(m) = 2*m**2 + m - 1. Calculate the remainder when d(h) is divided by 15.
12
Suppose -6*g = -4*g - 16. What is the remainder when 14 is divided by g?
6
Let t(f) = f**3 - 11*f**2 + 5. Let a be t(11). Suppose 3*i - 30 + 3 = -3*u, -3*i + a*u = -51. What is the remainder when 34 is divided by i?
10
Suppose 9*a - 4*a - 235 = 0. What is the remainder when a is divided by 16?
15
Let g = -44 + 64. Suppose -67 = -5*o + 4*k, -2*k + 20 + 7 = 3*o. What is the remainder when g is divided by o?
9
Suppose -96 + 17 = -5*r + i, -80 = -4*r + 5*i. Let p = 58 + -31. What is the remainder when p is divided by r?
12
Suppose -i - 2 = -3*i. Calculate the remainder when -90*(-4)/10*i is divided by 13.
10
What is the remainder when 69 is divided by (2/3)/(20/540)?
15
Suppose -31 = -5*h + 49. Suppose 0 = -2*x + h + 70. Calculate the remainder when x is divided by 22.
21
What is the remainder when 30 is divided by (-400)/(-60)*(2 - (-4)/(-5))?
6
Suppose 7*u = 8*u - 94. What is the remainder when u is divided by 19?
18
Let j(s) = 12*s**2 - 6*s - 4. Calculate the remainder when 67 is divided by j(-1).
11
Suppose 3*s = -w + 29, -5*w - 1 - 4 = 0. What is the remainder when (-2 - (-2 + -27)) + 1 is divided by s?
8
Let w(u) = 4*u**2 + 13*u + 11. What is the remainder when w(-4) is divided by 7?
2
Let z = 29 - 19. Suppose 3*r - 10 = 2. Calculate the remainder when z is divided by r.
2
Let l(p) = p**3 + 4*p**2 - 13*p + 5. Calculate the remainder when 19 is divided by l(-6).
8
Suppose s - 2 = 2*a, 5*s = -5*a + 9 + 31. Calculate the remainder when s is divided by 3.
0
Suppose -n + 12 = n. Let r = n - -5. What is the remainder when 11 is divided by 8/(-12) - r/(-3)?
2
Let l = 4 + -1. Suppose -n - 2*n - 2*t + 34 = 0, n - 12 = -t. Calculate the remainder when n is divided by l.
1
Let y(n) = 16*n**3 - n + 1. Suppose 2 = 4*a - 2. What is the remainder when y(a) is divided by 6?
4
Suppose 12 = 3*x - 2*x. Let h = -124 + 80. Let y = h - -78. Calculate the remainder when y is divided by x.
10
Suppose 5*z - 4*g - 454 = 0, 3*g + 458 = 5*z - 0*g. Suppose -4*f = -8*f + 76. Calculate the remainder when z is divided by f.
18
Let k = 45 - 39. Calculate the remainder when 9 is divided by k.
3
What is the remainder when (-12)/(-16) - 610/(-8) is divided by 20?
17
Let u = 6 - -18. Calculate the remainder when u is divided by 9.
6
Let j(z) = z + 5. Let h be j(-4). What is the remainder when -45*h*3/(-9) is divided by (-4)/(-10) - (-38)/5?
7
Suppose -10 = -n + 11. What is the remainder when 80 is divided by n?
17
Let c(y) be the third derivative of -y**6/60 - y**5/60 + y**4/12 + y**3/2 - y**2. Calculate the remainder when c(-2) is divided by 6.
5
Let c(l) = 68*l**2 - l. Let b be c(-1). Let n = -46 + b. Calculate the remainder when n is divided by 98/8 + (-14)/56.
11
Let f(d) = 121*d**2 - d. Calculate the remainder when f(-1) is divided by 31.
29
Suppose -o - 2 = 2*n, 5*o - o = -2*n + 10. Let d = -16 - -23. Calculate the remainder when d is divided by o.
3
Let h(u) = -2*u**3 - 5*u**2 + 1. Let m = 5 - 0. Let g = 12 + m. Calculate the remainder when h(-4) is divided by g.
15
Let c = 0 + 0. Let u be 7/3 - 1/3. Suppose c = w - u - 2. Calculate the remainder when w is divided by 3.
1
Let l = -18 - -34. Calculate the remainder when 61 is divided by l.
13
Let z(b) = b**2 - 9*b + 20. Let j(y) = 5*y**2 - y. Calculate the remainder when z(7) is divided by j(1).
2
Let l(i) = i**2 + i + 5. Let q be l(0). Calculate the remainder when 7 is divided by q/(-15) - 30/(-9).
1
Calculate the remainder when 68/(-3)*(-3)/2 is divided by 18.
16
Suppose 0 = o + 2*u + 3, 3*u + 22 = o. Suppose 2*f + 250 = o*f. Suppose 0 = 5*p - 45 - f. What is the remainder when p is divided by 7?
5
Let m = 8 - 2. What is the remainder when 17 is divided by m?
5
Let k = 62 + -1. What is the remainder when k is divided by 13?
9
Suppose -2*g - g = -21. Let t = 10 - 8. What is the remainder when g is divided by t?
1
Let r(k) = -k**3 + 5*k**2 + 2*k - 3. Let f be r(6). Let m = 52 + f. What is the remainder when m is divided by 9?
7
Let s = 121 - 46. Calculate the remainder when s is divided by 19.
18
Suppose 363 = 4*w + 35. Calculate the remainder when w is divided by 21.
19
Let o(s) = -3*s - 16. Calculate the remainder when 18 is divided by o(-9).
7
Suppose -4*v + 5*h = -12, 0*v - 5*v + 3*h = -15. Suppose v*q = -1 + 10. Suppose q = s - 6. What is the remainder when s is divided by 4?
1
Let o(k) = -k - 7. Let v be o(-7). Let j be -58*(9/6 + v). Let d = 149 + j. What is the remainder when d is divided by 21?
20
What is the remainder when 28 is divided by -1*(3 - 2)*-17?
11
Suppose -5*s - 80 - 90 = 0. Let n = 14 + -62. Let m = s - n. Calculate the remainder when m is divided by 8.
6
Let h(v) = -1 - 3 + 2 + 8 - v. Let p be h(5). Calculate the remainder when 53 is divided by 13/p + 3 + 2.
17
Suppose 0*f + f - 3*z = 18, 5*f - 10 = -z. Suppose -52 = -3*r - 2*w, r + 0*r - f*w = 10. Calculate the remainder when 46 is divided by r.
14
Let y = -5 - -6. Suppose -l + 3 + 8 = 0. Calculate the remainder when (-16)/((-1)/2*y) is divided by l.
10
Suppose 39 = 3*b - 27. Let u = -16 + b. What is the remainder when 10 is divided by u?
4
Let t(a) = 5*a + 3. Let z = 3 - -1. Calculate the remainder when 67 is divided by t(z).
21
Let l(b) = -2*b - 6. Let u be l(-4). Suppose 0 = -2*i + i + u*p, 0 = -i + p + 1. Suppose -3*c - i*c + 35 = 0. Calculate the remainder when c is divided by 3.
1
Suppose -10*m + 13*m = 84. Calculate the remainder when m is divided by 11.
6
Suppose 4*b - 123 = 33. Let q = b + -20. Calculate the remainder when q is divided by 5.
4
Let z = 10 + -5. What is the remainder when 35 is divided by 188/20 + (-2)/z?
8
Suppose -5*f = -2*f - 9. Suppose 0 = 2*g + f*g - 55. Calculate the remainder when g is divided by (1*12)/(-3)*-1.
3
Suppose 0 = 4*w - 5*j - 141, -w - 5*j = -0*j - 4. What is the remainder when 84 is divided by w?
26
Suppose 422 = 7*l - 12. Calculate the remainder when 119 is divided by l.
57
Let k = 49 - 15. What is the remainder when k is divided by 12?
10
Calculate the remainder when 39 is divided by (148/(-16) - -4)/((-1)/4).
18
Suppose 2*u - 2*t = 10, u + 3*t - t + 4 = 0. Let i be ((-16)/10)/(u/(-5)). Suppose -i + 25 = w. Calculate the remainder when w is divided by 11.
10
Let v = 10 + 0. Let u = 315 - 222. Let p = -65 + u. What is the remainder when p is divided by v?
8
Suppose -3*r + c - 2*c + 41 = 0, 4*r - 3*c - 59 = 0. What is the remainder when 47 is divided by r?
5
Let c = 34 - 21. What is the remainder when 37 is divided by c?
11
Let y = 0 - 0. Let f be (-2)/(-4) - (15/(-6))/1. Suppose y*b = -f*b + 27. What is the remainder when b is divided by 4?
1
Suppose 8*o - 21*o = -884. Calculate the remainder when o is divided by 10.
8
Let i(u) = 11*u**2 + u. Let b be 2/(-4)*0/(-2). Suppose 5*p = 3*c + 2, 5*p - 5*c = -b*p. What is the remainder when 35 is divided by i(p)?
11
Let m(x) = 7 - 2*x + 1 - 3. What is the remainder when m(-4) is divided by 7?
6
Let b = 8 - 3. Suppose b = 5*q, -5*j + 3*q + q + 16 = 0. Suppose 4*f - 10 = -2. Calculate the remainder when j is divided by f.
0
Let w be (2 - (2 + -1))*5. Suppose 9 = -3*l - 0, 3*l - 96 = -w*p. Calculate the remainder when p is divided by 11.
10
Suppose -4*q + 0*q + 148 = -2*t, 0 = -4*t + 16. What is the remainder when q is divided by 8?
7
Suppose -t + 3*q = -46, t - q - 12 - 36 = 0. Calculate the remainder when t is divided by (-9)/6*78/(-9).
10
Let g be (-6)/27 + 58/18. Let j(y) = -2*y + 3 + 3*y - g*y - 4 - 27*y**3 - y**2. What is the remainder when j(-1) is divided by 14?
13
Let b(s) = -9*s**3 - 2*s**2 - 7*s. Let o(p) = -5*p**3 - p**2 - 4*p. Let k(i) = 3*b(i) - 5*o(i). Calculate the remainder when 9 is divided by k(-1).
1
Suppose 3*c - 12 = -0*c. Suppose -c*l + 180 = l - m, -5*l + 195 = -4*m. What is the remainder when l is divided by 12?
11
Let q = 21 - 45. What is the rema